econd derivative of b**3/3 - 2*b**2 - 17*b. Suppose -6*m + 15 = -3. Suppose -m*v - v = -16. Determine c(v).
4
Let j(z) be the first derivative of -z**4/4 - 8*z**3/3 + 5*z**2/2 - 27*z + 774. What is j(-9)?
9
Let y(c) = 2*c**3 - 2*c**2 - 3*c + 3. Suppose -4*g + 29 = -3*h, 2*g - 10 = 5*h + 3*g. Give y(h).
-60
Let g(w) = -w**2 + 3*w + 1. Let m be 1 - ((-3)/1 - 5). Suppose -5*s - m = -8*s. What is g(s)?
1
Let g(h) = -h**2 + 2*h + 14. Let y = -8283 - -8280. Give g(y).
-1
Let g(x) = -6 + 0 + 0 - 5*x - 2 - 2*x. Give g(0).
-8
Let j(x) = -156*x - 927. Let c be j(-6). Let w(g) = -g**2 + 8*g + 18. Give w(c).
9
Let x(y) = 45081 - 90149 + 78*y + y**3 - 18*y**2 + 45075. Determine x(7).
14
Let z = -33 + 28. Let n be (-27)/(-15) + z/(-25). Let i(a) = 6 - 9*a**2 + n - 9. Calculate i(-1).
-10
Let f(d) = -2*d**2 + 3*d + 4. Suppose -5*i + 45 - 13 = 4*n, 4*i - 3*n = 7. Suppose -7 - 5 = -i*l. Give f(l).
-5
Let o(p) = -6*p - 42. Let f(x) = 13*x**2 - 46*x - 29. Let z be f(4). What is o(z)?
-12
Let g(f) = 33*f - 327. Suppose -94*s + 2 = -j - 96*s, 0 = 2*j - 3*s - 38. Give g(j).
3
Let b(m) = m**3 + 7*m**2 + 3*m + 31. Let d be b(-7). Let w(c) be the second derivative of c**3/6 - c - 7. Give w(d).
10
Suppose 6*o - o + 35 = 3*d, 3*d - 27 = -3*o. Let r(c) = -2*c**3 + 21*c**2 - 8*c - 15. Determine r(d).
5
Let q(d) = -d**2 + 7 + 0*d + 5*d - 2*d. Suppose 63*u = -56 - 259. Determine q(u).
-33
Let h(n) = 8*n**2 + 4*n. Let r(f) = -10*f**2 - 3*f + 1. Let l(q) = 4*h(q) + 3*r(q). Determine l(-5).
18
Let l(i) = -16*i**2 + 3. Let p(b) be the second derivative of -31*b**4/12 + 4*b**2 - 32*b. Let s(z) = 5*l(z) - 2*p(z). Give s(1).
-19
Let r be 10 + 1 - 352/22 - -7. Let g(s) = -16*s**2 + s + 7. What is g(r)?
-55
Let v(z) = 2 - 6 - 12*z**2 + 29*z - 51*z + 25*z + 2*z**3 - z**3. Calculate v(12).
32
Let g(q) = 4 + 1344*q - 674*q - 10 - q**3 - 652*q + 5*q**2. What is g(7)?
22
Let c(p) = 13*p - 82. Let t be 0/3 - 7/(-4)*(-6 - -10). Calculate c(t).
9
Let b(u) = -17 - 11 - 7 + 72 - 23*u + 61. What is b(4)?
6
Let l(i) = 4*i + 5*i + 4 + 6 - 3*i - 19 + 8. Suppose 4*o - 2 = -5*p - 9, -2*o - 3 = 3*p. Determine l(p).
5
Let t(j) = j. Let i(m) = -m**3 - 2*m**2 + 3*m + 4. Let w be (-3)/(12/16 - 1/(-4)). Let f be i(w). Suppose f*k = -c + 23, -5*c - k + 39 = -0*k. Give t(c).
7
Let q(t) be the first derivative of 7*t**3/3 + 13*t**2/2 + 8*t - 107. Let a(b) = b**2 + 3*b. Let l(u) = -6*a(u) + q(u). Determine l(7).
22
Let y(s) be the second derivative of -9*s**5/20 - s**4/12 - 2*s**3/3 - 3*s**2/2 + 41*s + 12. Give y(-2).
73
Let y(c) = -14*c - 24. Suppose 3*v + 51 = -3*m, -3*v - 40 = -4*m - 38. Determine y(v).
116
Suppose q + r - 19 = 0, r + 109 = 5*q - 10. Let o(i) = 1751 + 1752 - 3497 + 2*i**3 + q*i**2 + 12*i. Give o(-11).
-5
Let d(b) = b**2 - 19*b + 16. Let u be d(15). Let l = u - -49. Suppose -5*x = l*o - 35, -16 = -3*x - 2*o + 4. Let i(v) = -v**2 + 5*v + 6. What is i(x)?
0
Let f(y) be the second derivative of -y**4/12 + 4*y**3/3 + 9*y**2/2 - 2*y - 629. Let i = -14 - -22. Calculate f(i).
9
Suppose 4*c - 28 = -4*q, -q = -2*c - 2 - 5. Suppose q = -5*k - 28. Let g(w) = -2*w - 4. Calculate g(k).
10
Let i(o) = -o**3 - o**2 - o + 2. Let z(f) = -3*f**3 + 11*f**2 - 35*f + 17. Let r(n) = -4*i(n) + z(n). Calculate r(-17).
-42
Let i(j) = 13*j + 124. Suppose 5 = -274*x + 273*x + 2*r, -5*x + r - 43 = 0. Determine i(x).
7
Let z(n) = n**3 - 2*n**2 + n + 1. Suppose 3 = -6*a + 21. Suppose 0 = 2*j - 6*j - 5*p + 3, 0 = 3*j - a*p - 9. What is z(j)?
3
Suppose 4*t + 3*b - 21 - 2 = 0, -2*t + 4*b + 28 = 0. Let r(w) = t - 1 + 6*w + 9*w - 6 - w**2. Give r(15).
1
Let a(g) = g**2 + 8*g + 2. Suppose -18 = 3*b - 6. Let k be (-4 - b)/(2 - 3). Suppose k = 12*c + 112 - 16. What is a(c)?
2
Let d(a) = -a**2 - 6*a + 6. Let h = 8 + -2. Let v = -1450 - -1439. Let x = v + h. Determine d(x).
11
Let g(l) be the first derivative of -l**4/4 - 10*l**3/3 - 10*l**2 + 1498. Give g(-8).
32
Let k = -65 - -68. Suppose 5*l - k*l = -2*b + 28, -4*b = l - 50. Let g = -10 + b. Let q(r) = 2*r**2 - r + 1. Give q(g).
7
Let f(v) = -7*v**2 - 85*v + 85. Let a be f(1). Let j(w) = -w**2 - 13*w - 21. Determine j(a).
21
Suppose -52*x + 326 - 411 = 539. Let r(q) = -q**3 - 12*q**2 - 5*q - 56. Calculate r(x).
4
Let z(r) be the third derivative of r**4/8 - 5*r**3/6 - 11*r**2. Let t(x) = 2*x - 2. Let m = 141 - 143. Let g(j) = m*z(j) + 5*t(j). Determine g(1).
4
Let h(m) = m**2 - 1. Let o(d) = -d**3 - 2*d**2 - d - 3. Let x(f) = h(f) - o(f). Suppose -6*c - 855 = 165*c + 114*c. Give x(c).
-1
Let x(l) = -l**2 + 0*l**2 + 3*l - 3 + 0*l. Let j = -360 + 364. Suppose -2*a + 8*v = 3*v - 1, 2*a - 2*v - j = 0. Calculate x(a).
-3
Let f(c) = -53*c + 261. Let x = -13468 - -13473. Give f(x).
-4
Let c(t) = 28 - 4*t**3 - t**3 - 28*t + 8*t**3 + 40*t**2 - 57*t**2 - 4*t**3. Give c(-15).
-2
Let g(j) be the second derivative of 17*j**6/720 + j**5/120 - j**4/4 - 3*j**2/2 - 15*j. Let s(f) be the third derivative of g(f). What is s(-1)?
-16
Let c(r) = 3*r - 2*r + 14 - 5 + r**3. Let f be (0/(7/((-7)/(-2))))/2. Suppose f = -71*a + 63*a. What is c(a)?
9
Let k(c) = c**3 - 4*c**2 + 53*c - 204. Let s be k(4). Let x(p) = p + 1. Let u(i) = 4*i + 3. Let j(z) = u(z) - 6*x(z). Calculate j(s).
-19
Let b(t) = t**3 + 4*t**2 - 4*t - 2. Suppose -33 = -13*p + 32. Let h be (1 + 1)*p/(-2). Determine b(h).
-7
Let c be 9/(-12) + 39/(-12). Let n be 3/18*(7 + -1). Let q(l) = -l**2 - l. Let w(v) = -3*v**2 + v + 1. Let b(r) = n*w(r) - 4*q(r). Calculate b(c).
-3
Let h(l) = -3*l - 7. Let c be h(-3). Suppose -2*d + 9 = n, c*n + 8 = -n + d. Let r(g) = -2 + 3*g**3 - 2*g**2 - g**3 + 3. Calculate r(n).
-3
Let i be (-5)/(-70)*7*4. Let k = -3 - -5. Suppose i*z = -k*z - 20. Let c(h) = -h**3 - 5*h**2. Give c(z).
0
Suppose 11*a = 15*a - 16. Let k(u) = 9 - 9*u - a - 6. Suppose 3*q - 1 = -4*y - 2, 3*y = -q + 3. Give k(y).
-19
Suppose 9*w - 25 = 227. Let m = 39 - w. Let a(f) = 2 + 0*f - 1 - 3*f - m*f. Give a(1).
-13
Let c(j) = -3*j - 6. Let a be (-307)/(-9) - (-67)/(-603). Suppose -74 = -a*x + 62. Determine c(x).
-18
Let n(l) = l**2 + 12*l - 30. Suppose -106*p - 1633 = -149. What is n(p)?
-2
Suppose -24 = 6*r - 2*r. Suppose 0*b + 7*b - 539 = 0. Let j(x) = b*x + 77*x - 153*x + 7. Give j(r).
1
Let w(p) = -p**3 - 5*p**2 - 4*p - 11. Let f(s) = -s**3 - 43*s**2 + 73*s + 1271. Let y be f(-44). Give w(y).
9
Let o(w) = 192*w**3 + 28*w**2 - 13*w - 36. Let c(r) = 68*r**3 + 9*r**2 - 5*r - 12. Let g(b) = 17*c(b) - 6*o(b). Determine g(4).
0
Suppose -4*p + 8 = 0, 2*f + 42 - 30 = -5*p. Let b(y) = -y**3 - 11*y**2 + 4*y + 4. Determine b(f).
-40
Let b(y) = -3*y + 8. Let d = 2091 + -2084. What is b(d)?
-13
Let y(b) = -49*b**3 + 7*b**2 - 7*b + 13. Let q(v) = 220*v**3 - 29*v**2 + 28*v - 53. Let t(z) = -2*q(z) - 9*y(z). Calculate t(6).
67
Let d(l) = l - 1. Let j be d(3). Let t = j - 4. Let s(g) = 22715 - 3*g + 22706 - 45423. Determine s(t).
4
Let p be (50/12 - 2) + 170/(-1020). Let i(j) = -9*j**2 + 5*j - 3. What is i(p)?
-29
Let d(o) = -o**2 - 12. Let g(z) = -z**2 - z - 17. Let i(b) = 4*d(b) - 3*g(b). Calculate i(7).
-25
Let p(z) be the second derivative of 1/2*z**4 - 5/6*z**3 + 1/20*z**5 - 2*z + 2*z**2 - 35. Give p(-7).
-10
Let m be ((-60)/(-72))/((-6)/(-36)). Suppose -56 + 36 = m*j. Let k(g) = -5*g - 25. What is k(j)?
-5
Let o(l) = -7*l**3 + 17*l**2 - 10*l - 3. Let i(r) = 15*r**3 - 34*r**2 + 22*r + 5. Let k(p) = -6*i(p) - 13*o(p). What is k(17)?
-25
Let h(d) = -48*d**2 + 429*d + 22. Let p be h(9). Let k(b) = -4*b - 9. What is k(p)?
11
Suppose 1440 = 24*s + 288. Suppose -655*g = -649*g + s. Let h(t) = -t. Let m(k) = -k**2 - 3*k + 10. Let x(a) = -4*h(a) - m(a). Determine x(g).
-2
Let h(k) be the first derivative of -k**3/3 - 13*k**2/2 - 12*k + 366. Calculate h(-11).
10
Suppose 19 = 3*k - 11. Let d(i) be the second derivative of i**5/20 - 3*i**4/4 - 3*i**3/2 + 7*i**2/2 - 136*i + 45. Give d(k).
17
Let o(v) = -2014 + 685 + 681 - 14*v + 652. What is o(1)?
-10
Let n(o) = -5*o**2 - 15*o + 75. Let c(u) = u**2 + u - 10. Let z(j) = 6*c(j) + n(j). Give z(7).
1
Let k = 25 - 17. Let o(n) = -3*n - 30. Let j be o(-10). Let a(y) = j*y - 1 + 2*y + 1 - 7. What is a(k)?
9
Let p(d) = -d**3 + 17*d**2 - 29*d - 6. Let m be p(15). Suppose 32*l = 35*l - m. Let t(a) = -a**3 + 4*a**2 - a. Give t(l).
6
Let n be (2/(-2)*-1)/(-1). Let k be n*2*(0 + 52/(-8)). Suppose -12 = -15*f + k*f. Let